be s(7). Suppose -9*m = -5*m + 8. Let x be (m/(36/33) - -1)*-6. Calculate the highest common factor of x and t.
5
Let f(k) = -180*k - 774. Let t be f(-14). What is the highest common divisor of 27 and t?
9
Suppose 24 = -s + 2*s - 5*v, -v - 48 = -5*s. Calculate the highest common factor of 20637 and s.
9
Let c = 13804 + -13793. Let h be (-6)/(-9) - 4746/(-9). Calculate the highest common divisor of c and h.
11
Let r = 5736 - 5708. Calculate the highest common factor of 21 and r.
7
Suppose 2*n - 3*t - 14 = 0, 0*t - 8 = -2*t. Let o = 13855 - 13361. What is the highest common factor of n and o?
13
Suppose -4*b + 249 = 37. Let f = -7287 - -7552. Calculate the highest common factor of f and b.
53
Suppose r = -3*q + 4, 5*q + 17*r - 18 = 21*r. Suppose -2*u - 10 = 0, 6*x - q*x - u = 53. What is the highest common divisor of x and 12?
12
Let m = 15716 + -15686. What is the highest common factor of m and 250?
10
Suppose 1855 = -5*w + o - 163, 10 = -5*o. Let y = w - -594. Let v be (-3)/((-3)/76*2). What is the highest common divisor of v and y?
38
Let l(s) = -2*s**3 + 29*s**2 + 12*s + 3. Let k be l(15). Let p be (36/k)/((-5)/140). Calculate the highest common factor of 6 and p.
6
Let v(l) be the third derivative of 211*l**4/12 - l**3 - 74*l**2. Let n be v(1). Calculate the highest common factor of 13 and n.
13
Let s be (2*(-255115)/140)/(1/(-2)). What is the highest common divisor of 591 and s?
197
Let i(y) = -24*y**3 + 5*y**2 + 14*y + 9. Let v be i(-1). What is the highest common factor of 1308 and v?
12
Suppose -149*b + 134*b + 4125 = 0. Calculate the highest common divisor of 1250 and b.
25
Let m(r) = -456*r - 1683. Let h be m(-4). What is the greatest common divisor of 2491 and h?
47
Let h = -231 + 205. Let l be -2 - (0 + 10*h/4). What is the greatest common divisor of l and 14?
7
Suppose -4*c + 8*c = 3*j + 153, 6*j = -5*c + 162. What is the highest common divisor of c and 9?
9
Let j(k) = k**3 - 37*k**2 - 39*k + 104. Let w be j(38). Let v be (-8)/16*(w + 1)*-8. What is the highest common factor of v and 335?
67
Suppose -3*i + 70 = 2*i. Suppose 3*s - i = s. Suppose 2*d + 2*x + 148 = s*d, -4*d = 2*x - 104. Calculate the highest common factor of 196 and d.
28
Let q be (-148)/(3*20/(-4005)). Calculate the greatest common factor of q and 74.
37
Let w(q) = 4*q - 81. Let n be w(25). Let i = n - -9. Let f be -6*(-8 - -16)*i/(-6). Calculate the highest common factor of 32 and f.
32
Suppose 0 = -11*r - 3762 + 3850. What is the highest common divisor of 7 and r?
1
Let m be (-4495)/(-29) - (-3 + 11). Calculate the highest common divisor of 1127 and m.
49
Let z = 17873 - 14645. What is the greatest common factor of 84 and z?
12
Let w(t) = t**3 - 43*t**2 - 45*t + 48. Let n be w(44). Suppose n*f + 7*a - 921 = 6*a, 0 = f - 5*a - 246. What is the highest common factor of f and 21?
21
Let m = 6080 + -2062. What is the greatest common factor of m and 98?
98
Suppose -4*p - 7*r = -13 - 84, -3*p + 5*r = -83. What is the highest common divisor of p and 286?
26
Let r be 415/(-249)*6/5 - (-188)/4. Let o(c) be the second derivative of c**4/12 - c**3/2 - c. Let z be o(6). Calculate the highest common divisor of r and z.
9
Let j(z) = -3*z**2 + 55*z - 30. Let d be j(17). Let o = -596 - -843. What is the greatest common divisor of o and d?
19
Let a = -6 - -9. Suppose 2*w = 5*q - 16, a*w + 8 = 3*q - 7. Let h be 7/21*169 + 1/w. Calculate the highest common divisor of 14 and h.
14
Suppose 0 = -11*z - 44*z + 789 + 36. Let f be -3*(0 - -125)*-1. Calculate the greatest common factor of z and f.
15
Suppose -498*o - 5397 = -557*o - 500. What is the greatest common divisor of o and 8051?
83
Let q be 60/5*(-4)/(-6). Suppose -93*h + 89*h = q. Let y be -1 + 100/15 - h/6. Calculate the highest common factor of y and 2.
2
Let i be (-1 - -1)/(4/4). Suppose 4*u + 72 = 2*j - 0*u, i = -2*j - 5*u + 72. Let t = j - -16. Calculate the greatest common factor of 13 and t.
13
Suppose w = -n - 558, 2*w = 4*n + 2666 - 422. Let b = -488 - n. Calculate the highest common factor of b and 156.
12
Let q be 9*1/2*4. Let f be (-6)/(7/14 + (-13)/q). Suppose -10*d = -450 - 90. What is the highest common factor of f and d?
27
Suppose -c = 5*f + c - 55, 20 = 4*c. Suppose 4*m = 8*m - 396. What is the greatest common factor of m and f?
9
Suppose -6*d = 10878 + 2454. Let u = -1342 - d. What is the greatest common divisor of u and 80?
80
Suppose -660*j = -591*j - 2760. What is the highest common factor of 19360 and j?
40
Suppose 2*a + 10 = 4*c, 2*a + 4*c = -0*c - 26. Let h be 7 + a + 6 + 0. Let l be (11/(-3))/((h - -2)/(-36)). What is the greatest common divisor of l and 110?
22
Suppose 0*b - b + 3*q + 8 = 0, -4*q = -3*b + 14. Let w be b/((-10)/(-485)) + 3. What is the greatest common factor of w and 25?
25
Let h(k) = 135*k - 2898. Let s be h(22). Let x = 340 + -52. Calculate the highest common factor of s and x.
72
Let q be 2 + 24 + 1 - (21 - 72/3). Let c(p) = 6*p. Suppose 2*m = m + 5. Let z be c(m). What is the greatest common divisor of z and q?
30
Suppose -316 = -3*f + 77. Let n = 186 - f. Suppose 0 = -13*k + n + 465. Calculate the greatest common divisor of k and 16.
8
Suppose -38*i + 1400 = -30*i. Calculate the greatest common divisor of i and 560.
35
Let w = 3189 + -2720. Calculate the highest common divisor of 335 and w.
67
Let a = -16535 - -16616. Calculate the highest common factor of 369 and a.
9
Suppose 262*p = 256*p. Suppose 4*f - 93 = -3*d + 200, p = 4*f - 4*d - 272. What is the highest common factor of f and 781?
71
Let g be (-1 + -743 + 0)*31/(-31). What is the highest common divisor of g and 32?
8
Let g = 12 - -30. Let d be (0 - -1)*-16*g/4. Let z be (-3*16/d)/((-1)/(-28)). Calculate the highest common factor of 8 and z.
8
Suppose 2*r - 3644 = -3*b, 3*r + 6105 = 13*b - 8*b. What is the greatest common factor of 2958 and b?
174
Let r be 35554/11 - ((-32)/(-1136) + 2160/14058). Calculate the highest common divisor of 101 and r.
101
Let q(o) = 11 - 31*o - 9*o - o. Let w be q(-5). Let b be (-2)/(-8) - 107/(-4). Calculate the highest common factor of w and b.
27
Let x(c) = -c**3 + 11*c**2 - 25*c - 17. Let m be x(7). Suppose 2443 = m*y - 5*h, 9*y - 14*y - 5*h = -3065. What is the highest common divisor of 36 and y?
36
Let m(o) = -41*o**2 - o + o**3 - 26 + 31*o**2 - 3*o + 2*o - 3*o. Let c be m(13). Calculate the greatest common factor of 16 and c.
16
Let h be -2 + (-201)/2*5096/(-294). What is the greatest common divisor of 60 and h?
60
Let b = -236 - -322. Suppose -2*h - 4*y = -b, 2*h + 2*y - 196 = -2*h. Suppose 0 = 4*c + 16, -3*d + 37 = 4*c - 49. What is the greatest common factor of d and h?
17
Let c(z) = -4*z + 3*z**2 - 5*z**2 - z**3 - z**2 + 8*z**2 - 2. Let y be c(4). Let w be y/(-4) - (1 + 399/(-6)). What is the greatest common divisor of w and 6?
6
Let z be 2*-3*76/6. Let i = -13 - z. Suppose -36*o = -o - 315. What is the highest common factor of i and o?
9
Let d be 70/4*39/(-13)*246/(-45). Calculate the greatest common factor of 21 and d.
7
Suppose 4*f - 1544 = v, -5*f + 5*v + 1107 = -838. Calculate the greatest common divisor of f and 15.
5
Let o = 24260 - 10286. What is the greatest common divisor of o and 102?
102
Let l = 619 - 85. Let c = 606 - l. What is the highest common divisor of 32 and c?
8
Let n = 319 - 256. Suppose -4*g + g = -n. Calculate the greatest common factor of 14 and g.
7
Let o(s) = s**2 - 23*s + 105. Let k be o(7). Let c(h) = 4*h**2 + 6*h + 44. Let l be c(k). Calculate the highest common factor of l and 66.
66
Suppose -3*g + 1813 = k, 26*k - 4*g = 29*k - 5429. Calculate the greatest common factor of 1251 and k.
139
Suppose 54*p = 27560 + 4246. Calculate the greatest common factor of p and 76.
19
Suppose -3*d = 2*x - 267, 14*x - 3*d + 141 = 15*x. Let q be 1518/7 + 3/x*6. Calculate the greatest common factor of 31 and q.
31
Suppose 958*y + 1111 + 7799 = 1003*y. What is the highest common divisor of y and 3498?
66
Let q(j) be the second derivative of 1/20*j**5 - 7/3*j**3 + 0 - 9/2*j**2 - 3*j + 1/2*j**4. Let d be q(-7). Calculate the highest common divisor of 100 and d.
20
Let y = -161 + 161. Suppose -20*v + 129 + 111 = y. What is the greatest common factor of v and 12?
12
Let r(d) = -22*d - 97. Let x be r(-5). Let n be 50/(-200) - (-7335)/12. Calculate the greatest common divisor